 prime factors of t(h).
2, 3
Let h(p) = 152*p**2 - 5*p + 13. Let w be h(2). Suppose -w = -5*r + 939. List the prime factors of r.
2, 5, 31
Suppose -16*q = -19*q + 132. Let l = q - -48. List the prime factors of l/2 + -7 + 2 + 4.
3, 5
Suppose 10*w - 5*u - 143145 = 0, -14317 = -13*w + 12*w - 2*u. List the prime factors of w.
5, 7, 409
Let u = 455 - 450. Suppose 5*y - 300 = -u*d + 625, 0 = d - 2*y - 191. What are the prime factors of d?
11, 17
Let k(g) = g**3 + 3*g**2 - 2*g - 12. Let x be k(-4). Let m = x + 143. What are the prime factors of m?
3, 41
Suppose 4*i - 2*v - 2830 = 0, 2*i + 3*v - v - 1412 = 0. Suppose 13*o - 23*o + 70 = 0. Suppose 0*z + o*z = i. What are the prime factors of z?
101
Suppose 5*w + 42 = -38. Let v be 496*(-3 + (-36)/w). What are the prime factors of v/8*(-2)/3?
31
Suppose 0 = 15*i - 1012 - 68. Suppose -71*d = -i*d + 193. What are the prime factors of d?
193
Let n be -30*(45/6 - -4). Let o = n - -729. What are the prime factors of o?
2, 3
Let o(n) = n**2 - 10*n + 19. Let c be o(7). List the prime factors of c + (2994/(-10))/((-1)/5).
5, 13, 23
Let t(f) = -401*f**3 + 12*f**2 - 30*f - 71. What are the prime factors of t(-4)?
3, 5, 11, 157
Suppose -8 = 2*h - 12. Let r be ((-6)/(6 + -4) - -6) + h. Suppose -r*n = -3*l + 462, -4*l + 154 = -3*l - n. What are the prime factors of l?
2, 7, 11
Suppose 3*f - 517314 = -10*f - 69295. List the prime factors of f.
11, 13, 241
Let j(s) = 40*s**3 - 2*s**2 - s + 5. Suppose -5*d = -3*d - 2*m, 5*d - 16 = -3*m. List the prime factors of j(d).
3, 5, 7
Suppose -9*f + 53 - 26 = 0. Suppose -f*a - 518 + 2150 = 0. What are the prime factors of a?
2, 17
Let l(c) = 1419*c + 4658. What are the prime factors of l(6)?
2, 37, 89
Let u(v) = -363*v - 1525. List the prime factors of u(-34).
29, 373
Suppose 10*b - 7*b + 12*b - 307665 = 0. List the prime factors of b.
3, 43, 53
Let p(l) = -l**3 - 10*l**2 - 20*l - 2. Let d be p(-8). Let g = d - 114. Let t = -49 - g. What are the prime factors of t?
5, 7
Let n(z) = 25*z**2 - 22*z + 29. Let a be n(-17). Suppose 33*f = a + 5209. What are the prime factors of f?
389
Let w(h) = h**2 + 195*h - 7 + 4 - 4 - 219*h - 2. List the prime factors of w(-9).
2, 3
Suppose 1183 - 7509 = -x + 5*n, 4*x - 25304 = -3*n. Suppose 3*f = -4*s + x, 5*s - 5*f + 4739 = 8*s. List the prime factors of s.
1583
Let d(g) be the third derivative of 13*g**2 + 14/3*g**3 + 0*g + 1/12*g**4 + 0. What are the prime factors of d(16)?
2, 3, 5
Let p(z) be the first derivative of -z**3/3 - 7*z**2 + 644*z + 74. What are the prime factors of p(0)?
2, 7, 23
List the prime factors of (16/(-36))/(-4 + (-49748)/(-12438)).
2, 691
Suppose -302967 = 26*n + 13*n - 66*n. What are the prime factors of n?
7, 229
Let f(q) = 2*q - 20. Let p be f(11). Let o be (3 - 1)*p/2. Suppose 0 = 2*t - 5*a - 149 - o, 5*t - 409 = 2*a. List the prime factors of t.
83
Suppose r - 1 = -8. Let v(g) = 3*g**2 - 3*g - 15. Let t be v(r). Suppose -t - 243 = -2*m. List the prime factors of m.
2, 3, 11
List the prime factors of (3592/6)/((-137)/(-1233)).
2, 3, 449
Let h = 219 + -205. Suppose 2*i + h*f - 1035 = 15*f, 5*i - 2582 = -3*f. What are the prime factors of i?
11, 47
Suppose -113*c = -103*c - 22550. What are the prime factors of c?
5, 11, 41
List the prime factors of 25*-3*(-5 + (-8328)/36).
5, 709
Suppose 5*l + 485 = -3*k + 6*l, 2*l - 484 = 3*k. Let t = -77 - k. What are the prime factors of t?
5, 17
Suppose -3*l - 2*w + 0*w + 18865 = 0, l - 3*w = 6281. List the prime factors of l.
6287
Let v = 884 + -886. What are the prime factors of 12/(-21) - (v + (-9066)/14)?
11, 59
List the prime factors of 928080/135 + (-24)/9.
2, 859
Let o(u) = -374*u + 8418. List the prime factors of o(3).
2, 3, 19
Let m(a) = 87*a**2 - 64*a + 287. List the prime factors of m(12).
7, 1721
Let x be -3 + -1 + (1 - (-854 + 1)). Suppose 4*d - 4066 = -x. Suppose -14*p + 2512 = d. What are the prime factors of p?
2, 61
Let b(d) be the third derivative of 9*d**4/4 + 63*d**3/2 + 318*d**2. What are the prime factors of b(18)?
3, 43
What are the prime factors of (8/40)/((-2)/(-389930))*(2 + -1)?
38993
Suppose -3*d - o = -80185 - 39593, 0 = -3*o + 27. What are the prime factors of d?
13, 37, 83
Let g = 7 - -7. Suppose 5*p - 3*t = 22, -3*p + g = -0*p - t. Suppose 5*m + 464 = 4*k + m, 460 = 4*k - p*m. List the prime factors of k.
2, 3, 5
What are the prime factors of 8325 - (4 + 4 - 12)?
8329
Suppose -51*q + 35*q - 5808 = 0. Let k = -230 - -36. Let m = k - q. What are the prime factors of m?
13
Let h(t) = 2*t**2 + t + 3. Let o = 32 + -30. Suppose -2*f + 4*y + 10 = -o, 3*y + 10 = 2*f. What are the prime factors of h(f)?
13
Let m be (-1 - (-9)/4)/((-2)/(-8)). Suppose 4*q - p - 1 = -2*p, -m*p + 5 = -q. Suppose 105 = 2*u - k, q = -u - 3*u + k + 209. What are the prime factors of u?
2, 13
Suppose -8*i - 230 = -294. Let s = i + 519. What are the prime factors of s?
17, 31
Let m(t) = 1795*t**2 - 347*t + 16. What are the prime factors of m(3)?
2, 5, 17, 89
Suppose -2*j + 4*j + 2*h = 126, 4*j + 5*h - 253 = 0. Let b(t) = -t**3 - 6*t**2 + 13*t - 11. Let w be b(-9). Let f = w - j. What are the prime factors of f?
53
Let h(g) = g**2 + g - 10. Let r(n) = -8 + 19*n - 22*n - 7*n**2 + 11*n - n**3. Let s be r(-8). List the prime factors of h(s).
2, 23
Let p(y) = -90*y**2 + y - 1. Let u be p(-2). Let d = 541 + u. What are the prime factors of d?
2, 89
Suppose -110 = -2*v + 2292. Let r = v + -614. What are the prime factors of r?
587
Suppose 0 = 4*y + a - 37918, 3*y - 12385 - 16052 = -a. What are the prime factors of y?
19, 499
Suppose -6*v = -978 - 246. Suppose -u - v = 3*z - 6*u, -136 = 2*z - u. What are the prime factors of ((-1)/((-4)/(-5)))/(z/7072)?
2, 5, 13
Suppose 17*z - 35*z = 56*z - 832870. What are the prime factors of z?
5, 2251
Let s(r) = 67*r**2 - 10*r + 28. Let j(a) = -a**2 + a - 1. Let g(w) = -4*j(w) + s(w). List the prime factors of g(4).
2, 139
Suppose 2*p = -57 + 1. Let f(b) = -b**2 - 34*b - 42. What are the prime factors of f(p)?
2, 3, 7
Let f(c) = 71*c**2 - 20*c + 67. Let g(n) = -35*n**2 + 9*n - 34. Let h(u) = -3*f(u) - 7*g(u). What are the prime factors of h(5)?
2, 3, 137
Let s(r) = r**3 + 9*r**2 + 8*r - 17. Let g be s(-7). What are the prime factors of -14*((-95)/g)/(4/30)?
3, 7, 19
Let p(a) = 28*a**2 - 5*a + 13. Let j = -154 + 148. What are the prime factors of p(j)?
1051
Suppose k + 51 = 18*k. Suppose 2*z + 18 = -5*f + 180, 5*z = 5*f + 335. What are the prime factors of z*k*(2 - (-10)/(-6))?
71
Suppose 9*o + 13 = 121. Let m be ((-69)/6 + 7)/(2/o). List the prime factors of ((-9)/m)/((-3)/(-774)).
2, 43
What are the prime factors of (-13)/(286/(-572400)) - (-8)/(-44)?
2, 13009
Let r(i) = -i**3 + 15*i - 11*i**2 + 14*i**2 + 7*i**2 - 48 + 13*i**2. List the prime factors of r(22).
2, 383
Let p = -13 + 65. Let c = -33 + p. Let j = 38 - c. What are the prime factors of j?
19
Let t(z) = 10*z**2 - 40*z - 195. What are the prime factors of t(-7)?
5, 23
Let s(u) = 155*u**2 + 287*u + 23. List the prime factors of s(-9).
5, 1999
Let a(w) = 7682*w**2 - 339*w - 1019. What are the prime factors of a(-3)?
2, 29, 149
Let w = -25 + 23. Let p be (-91)/(-6) - w/(-12). List the prime factors of 144/p - 2/(-5).
2, 5
Let q = 2224 - 188. What are the prime factors of q?
2, 509
Let v(j) = 207*j**2 - j - 15. Let q be v(-3). Suppose 5*b = -5*z + 4540, 4*b + 5*z + q = 6*b. List the prime factors of b.
11, 83
Suppose -691*d + 37867 = -709*d + 272587. What are the prime factors of d?
2, 5, 163
Let n(r) = -10*r - 20. Let o be n(-8). Let h = 56 - o. List the prime factors of (4 + 22 + h)*(-34)/(-4).
11, 17
Suppose 5*v - 5*v = 3*v. Suppose -2*f + 564 + 156 = v. Let n = f + -221. List the prime factors of n.
139
Let m be (0 - 3/(-1)) + 5. Suppose 4*p = -2*l + 6*l - 272, 2*l = m. What are the prime factors of (-2)/6 - p/3?
3, 7
Let k(g) = -24*g**3 - 2*g**2 - 34*g - 201. List the prime factors of k(-6).
3, 5, 11, 31
Let a(k) = -k**3 - 3*k**2 - 6*k - 5. Let z be a(-4). List the prime factors of (-4)/((z/917)/(-5)).
2, 131
Suppose -665*t = -671*t + 12. Suppose 3*i - t*i = 5*z + 545, 8 = 4*z. What are the prime factors of i?
3, 5, 37
Suppose u + 5*i - 5363 - 31230 = 0, 73123 = 2*u + i. What are the prime factors of u?
2, 3, 677
List the prime factors of (-385847)/(-462)*1*6.
5011
Let f = -447 - -450. Su